{"id":47,"date":"2021-02-03T15:11:50","date_gmt":"2021-02-03T15:11:50","guid":{"rendered":"http:\/\/apeconsulting.michael-havers.com\/?page_id=47"},"modified":"2025-09-09T14:06:17","modified_gmt":"2025-09-09T14:06:17","slug":"home","status":"publish","type":"page","link":"https:\/\/apeconsulting.gmbh\/?page_id=47","title":{"rendered":"Datenschutzerkl\u00e4rung"},"content":{"rendered":"\r\n<p style=\"font-size: 34px;\"><strong>Allgemeine Hinweise und Pflichtinformationen zum Datenschutz<\/strong><\/p>\r\n<p style=\"font-size: 15px;\"><span style=\"font-size: 15pt;\">Wir weisen darauf hin, dass die Daten\u00fcbertragung im Internet (z.B. bei der Kommunikation per E-Mail) Sicherheitsl\u00fccken aufweisen kann. Ein l\u00fcckenloser Schutz der Daten vor dem Zugriff durch Dritte ist nicht m\u00f6glich.<\/span><\/p>\r\n\r\n\r\n\r\n\r\n\r\n\r\n\r\n\r\n\r\n<p>Der Nutzung von im Rahmen der Impressumspflicht ver\u00f6ffentlichen Kontaktdaten durch Dritte zur \u00dcbersendung von nicht ausdr\u00fccklich angeforderter Werbung und Informationsmaterialien wird hiermit ausdr\u00fccklich widersprochen. Die Betreiber der Seite behalten sich ausdr\u00fccklich rechtliche Schritte im Falle der unverlangten Zusendung von Werbeinformationen, etwa durch Spam-Mails, vor.<\/p>\r\n\r\n\r\n\r\n<p>&nbsp;<\/p>\r\n\r\n\r\n\r\n<p>Quellverweis: eRecht2<\/p>\r\n\r\n\r\n\r\n<p class=\"has-text-color\" style=\"color: #eb194e;\"><strong>Allgemeiner Hinweis und Pflichtinformationen<\/strong><\/p>\r\n\r\n\r\n\r\n<p>Die verantwortliche Stelle f\u00fcr die Datenverarbeitung auf dieser Website ist:<\/p>\r\n\r\n\r\n\r\n<p>APEConsulting<br \/>Karl-Heinz Kreutzer<br \/>Zum Quellenpark 29<br \/>65812 Bad Soden am Taunus<\/p>\r\n\r\n\r\n\r\n<p>Die verantwortliche Stelle entscheidet allein oder gemeinsam mit anderen \u00fcber die Zwecke und Mittel der Verarbeitung von personenbezogenen Daten (z.B. Namen, Kontaktdaten o. \u00c4.).<\/p>\r\n\r\n\r\n\r\n<p><strong>Widerruf Ihrer Einwilligung zur Datenverarbeitung<\/strong><\/p>\r\n\r\n\r\n\r\n<p>Nur mit Ihrer ausdr\u00fccklichen Einwilligung sind einige Vorg\u00e4nge der Datenverarbeitung m\u00f6glich. Ein Widerruf Ihrer bereits erteilten Einwilligung ist jederzeit m\u00f6glich. F\u00fcr den Widerruf gen\u00fcgt eine formlose Mitteilung per E-Mail. Die Rechtm\u00e4\u00dfigkeit der bis zum Widerruf erfolgten Datenverarbeitung bleibt vom Widerruf unber\u00fchrt.<\/p>\r\n\r\n\r\n\r\n<p><strong>Recht auf Beschwerde bei der zust\u00e4ndigen Aufsichtsbeh\u00f6rde<\/strong><\/p>\r\n\r\n\r\n\r\n<p>Als Betroffener steht Ihnen im Falle eines datenschutzrechtlichen Versto\u00dfes ein Beschwerderecht bei der zust\u00e4ndigen Aufsichtsbeh\u00f6rde zu. Zust\u00e4ndige Aufsichtsbeh\u00f6rde bez\u00fcglich datenschutzrechtlicher Fragen ist der Landesdatenschutzbeauftragte des Bundeslandes, in dem sich der Sitz unseres Unternehmens befindet. Der folgende Link stellt eine Liste der Datenschutzbeauftragten sowie deren Kontaktdaten bereit:\u00a0<a href=\"https:\/\/www.bfdi.bund.de\/DE\/Infothek\/Anschriften_Links\/anschriften_links-node.html\" target=\"_blank\" rel=\"noreferrer noopener\">https:\/\/www.bfdi.bund.de\/DE\/Infothek\/Anschriften_Links\/anschriften_links-node.html<\/a>.<\/p>\r\n\r\n\r\n\r\n<p><strong>Recht auf Daten\u00fcbertragbarkeit<\/strong><\/p>\r\n\r\n\r\n\r\n<p>Ihnen steht das Recht zu, Daten, die wir auf Grundlage Ihrer Einwilligung oder in Erf\u00fcllung eines Vertrags automatisiert verarbeiten, an sich oder an Dritte aush\u00e4ndigen zu lassen. Die Bereitstellung erfolgt in einem maschinenlesbaren Format. Sofern Sie die direkte \u00dcbertragung der Daten an einen anderen Verantwortlichen verlangen, erfolgt dies nur, soweit es technisch machbar ist.<\/p>\r\n\r\n\r\n\r\n<p><strong>Recht auf Auskunft, Berichtigung, Sperrung, L\u00f6schung<\/strong><\/p>\r\n\r\n\r\n\r\n<p>Sie haben jederzeit im Rahmen der geltenden gesetzlichen Bestimmungen das Recht auf unentgeltliche Auskunft \u00fcber Ihre gespeicherten personenbezogenen Daten, Herkunft der Daten, deren Empf\u00e4nger und den Zweck der Datenverarbeitung und ggf. ein Recht auf Berichtigung, Sperrung oder L\u00f6schung dieser Daten. Diesbez\u00fcglich und auch zu weiteren Fragen zum Thema personenbezogene Daten k\u00f6nnen Sie sich jederzeit \u00fcber die im Impressum aufgef\u00fchrten Kontaktm\u00f6glichkeiten an uns wenden.<\/p>\r\n\r\n\r\n\r\n<p><strong>SSL- bzw. TLS-Verschl\u00fcsselung<\/strong><\/p>\r\n\r\n\r\n\r\n<p>Aus Sicherheitsgr\u00fcnden und zum Schutz der \u00dcbertragung vertraulicher Inhalte, die Sie an uns als Seitenbetreiber senden, nutzt unsere Website eine SSL-bzw. TLS-Verschl\u00fcsselung. Damit sind Daten, die Sie \u00fcber diese Website \u00fcbermitteln, f\u00fcr Dritte nicht mitlesbar. Sie erkennen eine verschl\u00fcsselte Verbindung an der \u201ehttps:\/\/\u201c Adresszeile Ihres Browsers und am Schloss-Symbol in der Browserzeile.<\/p>\r\n\r\n\r\n\r\n<p><strong>Kontaktformular<\/strong><\/p>\r\n\r\n\r\n\r\n<p>Per Kontaktformular \u00fcbermittelte Daten werden einschlie\u00dflich Ihrer Kontaktdaten gespeichert, um Ihre Anfrage bearbeiten zu k\u00f6nnen oder um f\u00fcr Anschlussfragen bereitzustehen. Eine Weitergabe dieser Daten findet ohne Ihre Einwilligung nicht statt.<\/p>\r\n\r\n\r\n\r\n<p>Die Verarbeitung der in das Kontaktformular eingegebenen Daten erfolgt ausschlie\u00dflich auf Grundlage Ihrer Einwilligung (Art. 6 Abs. 1 lit. a DSGVO). Ein Widerruf Ihrer bereits erteilten Einwilligung ist jederzeit m\u00f6glich. F\u00fcr den Widerruf gen\u00fcgt eine formlose Mitteilung per E-Mail. Die Rechtm\u00e4\u00dfigkeit der bis zum Widerruf erfolgten Datenverarbeitungsvorg\u00e4nge bleibt vom Widerruf unber\u00fchrt.<\/p>\r\n\r\n\r\n\r\n<p>\u00dcber das Kontaktformular \u00fcbermittelte Daten verbleiben bei uns, bis Sie uns zur L\u00f6schung auffordern, Ihre Einwilligung zur Speicherung widerrufen oder keine Notwendigkeit der Datenspeicherung mehr besteht. Zwingende gesetzliche Bestimmungen &#8211; insbesondere Aufbewahrungsfristen &#8211; bleiben unber\u00fchrt.<\/p>\r\n\r\n\r\n\r\n<p><small>Quelle: Datenschutz-Konfigurator von\u00a0<a href=\"http:\/\/www.mein-datenschutzbeauftragter.de\/\" target=\"_blank\" rel=\"noreferrer noopener\">mein-datenschutzbeauftragter.de<\/a><\/small><\/p>\r\n\r\n\r\n\r\n<h3 id=\"bewerbungen\" class=\"has-text-color wp-block-heading\" style=\"color: #e20f24;\">Datenschutzerkl\u00e4rung und Bewerbungen<\/h3>\r\n\r\n\r\n\r\n<p class=\"has-text-color\" style=\"color: #a3001b;\">\u00dcber ein Bewerbungsformular k\u00f6nnen sich User auf Webseiten auf eine ausgeschriebene Stelle bewerben. Oftmals m\u00fcssen sie daf\u00fcr ihren Namen, ihre E-Mail, ihren Wohnort, ihre Ausbildung sowie Abschlussnoten und Zeugnisse angeben. Dabei handelt es sich um personenbezogene Daten.<\/p>\r\n\r\n\r\n\r\n<h4 class=\"has-text-color wp-block-heading\" style=\"color: #e81621;\">Die DSGVO und das Bewerbungsformular<\/h4>\r\n\r\n\r\n\r\n<p>Fragen Webseitenbetreiber in ihrem Bewerbungsformular personenbezogene Daten wie den Namen, die Ausbildung oder die E-Mail-Adresse von Nutzern ab, schreibt die DSGVO vor, dass sie im Detail erkl\u00e4ren m\u00fcssen, wie sie mit den erhobenen Bewerberdaten verfahren. Dazu m\u00fcssen sie dar\u00fcber informieren,<\/p>\r\n\r\n\r\n\r\n<ul class=\"wp-block-list\">\r\n<li>dass sie \u00fcber das Bewerbungsformular personenbezogene Daten sammeln,<\/li>\r\n<li>welche Daten sie dabei genau erheben (z. B. Bewerberstammdaten, Zeugnisse, Qualifikationen)<\/li>\r\n<li>warum sie diese Daten erheben,<\/li>\r\n<li>was sie mit den Daten machen<\/li>\r\n<li>an wen sie die Daten weitergeben (z. B. Betriebsrat, Personalabteilung, Fachbereichsleiter),<\/li>\r\n<li>f\u00fcr wie lange sie die Daten speichern wollen (zum Beispiel 3 Monate bis nach Beendigung des Bewerberverfahrens) und<\/li>\r\n<li>welche Rechte Bewerber in Bezug auf L\u00f6schung, Auskunft oder Berichtigung ihrer Daten haben.<\/li>\r\n<\/ul>\r\n\r\n\r\n\r\n<p>Diese Informationen sollten Webseitenbetreiber Nutzern entweder w\u00e4hrend der Abfrage der Daten oder in einer automatisieren Eingangsbest\u00e4tigung zur Verf\u00fcgung stellen. Dar\u00fcber hinaus sollten sie diese Informationen auch in ihrer Datenschutzerkl\u00e4rung f\u00fchren.<\/p>\r\n\r\n\r\n\r\n<h4 class=\"wp-block-heading\">Bewerbungsformular datenschutzkonform auf der Webseite einbinden<\/h4>\r\n\r\n\r\n\r\n<p>Um ein Bewerbungsformular auf einer Webseite rechtssicher einzubinden, m\u00fcssen Seitenbetreiber diese Vorgaben ber\u00fccksichtigen:<\/p>\r\n\r\n\r\n\r\n<p><strong>Datensparsamkeitsprinzip<\/strong><\/p>\r\n\r\n\r\n\r\n<p>Seitenbetreiber sollten im Bewerbungsformular nur die personenbezogenen Daten erheben, die sie f\u00fcr eine Bearbeitung und Bewertung der Bewerbung unbedingt ben\u00f6tigen. Auf diese Weise erf\u00fcllen sie die Anforderungen des Datensparsamkeitsprinzips. In der Regel sind das unter anderem Angaben wie der Name, die E-Mail, die Ausbildung, der Wohnort und das Geburtsdatum. Diese k\u00f6nnen sie als Pflichtfeld kennzeichnen. Angaben wie eine Telefonnummer fallen grunds\u00e4tzlich nicht unter die ben\u00f6tigten Angaben und erf\u00fcllen daher nicht das Datensparsamkeitsprinzip.<\/p>\r\n\r\n\r\n\r\n<p>Denn: Webseitenbetreiber k\u00f6nnen User auch \u00fcber ihre E-Mail kontaktieren. Sie sollten das Feld daher nicht als ein Pflichtfeld kennzeichnen. Vielmehr sollten sie es Usern hier offenhalten, ihre Informationen zu hinterlegen.<\/p>\r\n\r\n\r\n\r\n<p><strong>Google Fonts (lokales Hosting)<\/strong><\/p>\r\n\r\n\r\n\r\n<p>Diese Seite nutzt zur einheitlichen Darstellung von Schriftarten so genannte Google Fonts, die von Google bereitgestellt werden. Die Google Fonts sind lokal installiert. Eine Verbindung zu Servern von Google findet dabei nicht statt.<\/p>\r\n<p>Weitere Informationen zu Google Fonts finden Sie unter <a href=\"https:\/\/developers.google.com\/fonts\/faq\" target=\"_blank\" rel=\"noopener\">https:\/\/developers.google.com\/fonts\/faq<\/a> und in der Datenschutzerkl\u00e4rung von Google: <a href=\"https:\/\/policies.google.com\/privacy?hl=de\" target=\"_blank\" rel=\"noopener\">https:\/\/policies.google.com\/privacy?hl=de<\/a>.<\/p>\r\n","protected":false},"excerpt":{"rendered":"<p>Allgemeine Hinweise und Pflichtinformationen zum Datenschutz Wir weisen darauf hin, dass die Daten\u00fcbertragung im Internet (z.B. bei der Kommunikation per E-Mail) Sicherheitsl\u00fccken aufweisen kann. Ein l\u00fcckenloser Schutz der Daten vor dem Zugriff durch Dritte ist nicht m\u00f6glich. Der Nutzung von im Rahmen der Impressumspflicht ver\u00f6ffentlichen Kontaktdaten durch Dritte zur \u00dcbersendung von nicht ausdr\u00fccklich angeforderter Werbung&hellip; <a class=\"more-link\" href=\"https:\/\/apeconsulting.gmbh\/?page_id=47\"><span class=\"screen-reader-text\">Datenschutzerkl\u00e4rung<\/span> weiterlesen<\/a><\/p>\n","protected":false},"author":1,"featured_media":0,"parent":0,"menu_order":0,"comment_status":"closed","ping_status":"closed","template":"","meta":{"footnotes":""},"class_list":["post-47","page","type-page","status-publish","hentry","entry"],"_links":{"self":[{"href":"https:\/\/apeconsulting.gmbh\/index.php?rest_route=\/wp\/v2\/pages\/47","targetHints":{"allow":["GET"]}}],"collection":[{"href":"https:\/\/apeconsulting.gmbh\/index.php?rest_route=\/wp\/v2\/pages"}],"about":[{"href":"https:\/\/apeconsulting.gmbh\/index.php?rest_route=\/wp\/v2\/types\/page"}],"author":[{"embeddable":true,"href":"https:\/\/apeconsulting.gmbh\/index.php?rest_route=\/wp\/v2\/users\/1"}],"replies":[{"embeddable":true,"href":"https:\/\/apeconsulting.gmbh\/index.php?rest_route=%2Fwp%2Fv2%2Fcomments&post=47"}],"version-history":[{"count":16,"href":"https:\/\/apeconsulting.gmbh\/index.php?rest_route=\/wp\/v2\/pages\/47\/revisions"}],"predecessor-version":[{"id":720,"href":"https:\/\/apeconsulting.gmbh\/index.php?rest_route=\/wp\/v2\/pages\/47\/revisions\/720"}],"wp:attachment":[{"href":"https:\/\/apeconsulting.gmbh\/index.php?rest_route=%2Fwp%2Fv2%2Fmedia&parent=47"}],"curies":[{"name":"wp","href":"https:\/\/api.w.org\/{rel}","templated":true}]}}